
True
Is 203677 a composite number?
True
Is 23113 prime?
False
Is 285301 prime?
True
Is 5771 composite?
True
Is 1288915 a composite number?
True
Is 18923 a prime number?
False
Is 869 prime?
False
Is 1369 prime?
False
Is 392191 prime?
False
Is 573247 prime?
True
Is 23269 a prime number?
True
Is 22519 composite?
True
Is 4039 composite?
True
Is 167861 a composite number?
False
Is 180655 composite?
True
Is 17321 prime?
True
Is 4729 a composite number?
False
Is 2249599 a composite number?
True
Is 70717 composite?
False
Is 7621 a composite number?
False
Is 87053 composite?
True
Is 346867 a prime number?
True
Is 16283 a prime number?
False
Is 8101 composite?
False
Is 1657 prime?
True
Is 48305 prime?
False
Is 72953 composite?
False
Is 639451 prime?
True
Is 12979 a prime number?
True
Is 325613 composite?
True
Is 7069 composite?
False
Is 1058653 a composite number?
False
Is 159235 prime?
False
Is 846913 a composite number?
False
Is 352069 prime?
True
Is 2873159 composite?
True
Is 329431 composite?
False
Is 79133 composite?
False
Is 431857 prime?
True
Is 46481 a composite number?
True
Is 80309 a composite number?
False
Is 83969 a composite number?
False
Is 5501 a composite number?
False
Is 11569 a prime number?
False
Is 54523 composite?
True
Is 46039 prime?
False
Is 3649 composite?
True
Is 1657 a prime number?
True
Is 14369 a prime number?
True
Is 8849 prime?
True
Is 2407 composite?
True
Is 28639 composite?
True
Is 3163 a composite number?
False
Is 6593 prime?
False
Is 186097 composite?
False
Is 725507 a prime number?
True
Is 167239 a prime number?
False
Is 1739 composite?
True
Is 40253 a composite number?
False
Is 587297 a prime number?
True
Is 7509 composite?
True
Is 30983 prime?
True
Is 31219 a prime number?
True
Is 8914 a prime number?
False
Is 27451 composite?
True
Is 13669 a prime number?
True
Is 55313 a prime number?
True
Is 3797 a composite number?
False
Is 597301 a composite number?
False
Is 2201921 prime?
True
Is 2897 a composite number?
False
Is 1637 composite?
False
Is 6898 a prime number?
False
Is 271913 a prime number?
False
Is 2459 composite?
False
Is 2669 a prime number?
False
Is 8819 prime?
True
Is 7817 prime?
True
Is 1201 a composite number?
False
Is 271191 a composite number?
True
Is 96689 composite?
True
Is 245357 a prime number?
False
Is 59539 composite?
False
Is 87383 a composite number?
False
Is 60157 prime?
False
Is 179147 prime?
False
Is 17021 composite?
False
Is 2101357 composite?
False
Is 654217 a prime number?
False
Is 14277 prime?
False
Is 3856945 prime?
False
Is 1847191 prime?
False
Is 30289 prime?
False
Is 1901 a composite number?
False
Is 2370262 composite?
True
Is 14959 prime?
False
Is 596707 a prime number?
True
Is 157 a prime number?
True
Is 4831 a composite number?
False
Is 119263 composite?
True
Is 4421 a composite number?
False
Is 536189 a composite number?
False
Is 23263 prime?
False
Is 36169 composite?
True
Is 5737 a prime number?
True
Is 7355 a prime number?
False
Is 17767 a prime number?
False
Is 94871 prime?
False
Is 4326163 composite?
False
Is 37081 prime?
False
Is 2869943 a prime number?
True
Is 771887 a prime number?
True
Is 142007 a prime number?
True
Is 438881 a composite number?
True
Is 490929 a prime number?
False
Is 25381 composite?
True
Is 1860653 a prime number?
False
Is 3234893 composite?
False
Is 21129 composite?
True
Is 701329 a composite number?
False
Is 94183 a prime number?
False
Is 21389 composite?
True
Is 15863 a composite number?
True
Is 316879 a composite number?
False
Is 18739 prime?
False
Is 37529 composite?
False
Is 177739 prime?
True
Is 3839 prime?
False
Is 2189247 a prime number?
False
Is 504139 a prime number?
True
Is 9481 a prime number?
False
Is 3209 composite?
False
Is 63827 composite?
True
Is 105727 composite?
False
Is 11177 composite?
False
Is 426841 prime?
True
Is 2843 a composite number?
False
Is 136569 a composite number?
True
Is 1337 a composite number?
True
Is 1245767 a composite number?
False
Is 410126 a prime number?
False
Is 234673 composite?
False
Is 19661 a composite number?
False
Is 1704158 composite?
True
Is 4039 a prime number?
False
Is 1067 composite?
True
Is 10315 a prime number?
False
Is 372363 prime?
False
Is 122063 a prime number?
False
Is 56513 a prime number?
False
Is 1357739 a composite number?
True
Is 2344019 prime?
True
Is 30911 a prime number?
True
Is 39481 a composite number?
True
Is 14143 prime?
True
Is 61781 a prime number?
True
Is 48809 prime?
True
Is 24517 prime?
True
Is 8653 a prime number?
False
Is 4533 composite?
True
Is 3593 composite?
False
Is 151627 a prime number?
False
Is 87487 a prime number?
False
Is 67294 composite?
True
Is 748751 a prime number?
False
Is 1151 composite?
False
Is 10943 composite?
True
Is 41333 composite?
False
Is 11129 a composite number?
True
Is 274441 a prime number?
True
Is 375281 prime?
True
Is 813262 a prime number?
False
Is 353 a prime number?
True
Is 7207 a prime number?
True
Is 127069 a prime number?
False
Is 515173 a composite number?
False
Is 26861 a prime number?
True
Is 33551 a composite number?
True
Is 65407 a prime number?
True
Is 110963 prime?
False
Is 595601 a prime number?
False
Is 228535 a composite number?
True
Is 9649 prime?
True
Is 156091 prime?
False
Is 682439 prime?
True
Is 91499 a composite number?
False
Is 5059 a prime number?
True
Is 399251 prime?
False
Is 1196413 a composite number?
False
Is 21029 prime?
False
Is 76333 composite?
False
Is 835207 a composite number?
False
Is 25503 prime?
False
Is 4889 prime?
True
Is 313637 a prime number?
True
Is 2603 a composite number?
True
Is 281185 prime?
False
Is 16547 a composite number?
False
Is 215411 prime?
False
Is 1117 a prime number?
True
Is 23906 composite?
True
Is 22769 prime?
True
Is 73009 a prime number?
True
Is 18497 prime?
False
Is 439 a prime number?
True
Is 23857 composite?
False
Is 782459 composite?
True
Is 55987 a prime number?
True
Is 1778043 composite?
True
Is 25937 composite?
True
Is 3799 a composite number?
True
Is 243647 composite?
False
Is 20266 a composite number?
True
Is 3137 composite?
False
Is 50581 composite?
False
Is 2218 a prime number?
False
Is 289667 composite?
True
Is 62473 composite?
False
Is 4119 a composite number?
True
Is 57059 a composite number?
False
Is 393451 composite?
False
Is 13961 prime?
False
Is 2053 a composite number?
False
Is 97233 prime?
False
Is 172759 a composite number?
False
Is 54541 composite?
False
Is 719 prime?
True
Is 32957 a composite number?
False
Is 13381 a prime number?
True
Is 82129 composite?
False
Is 1163 prime?
True
Is 5219 composite?
True
Is 6301585 a composite number?
True
Is 146555 prime?
False
Is 9511 composite?
False
Is 1192651 composite?
False
Is 27689 composite?
False
Is 29287 a composite number?
False
Is 8387 composite?
False
Is 298603 a composite number?
True
Is 114029 composite?
True
Is 12497 a composite number?
False
Is 633 prime?
False
Is 3967 composite?
False
Is 9521 a composite number?
False
Is 43009 a composite number?
True
Is 2136993 a prime number?
False
Is 17273 composite?
True
Is 1202689 composite?
False
Is 2818 prime?
False
Is 17167 a composite number?
False
Is 57595 prime?
False
Is 78367 a composite number?
False
Is 186982 composite?
True
Is 103111 composite?
True
Is 35147 a composite number?
True
Is 1797277 a prime number?
True
Is 143011 prime?
False
Is 678473 a prime number?
False
Is 47563 composite?
False
Is 11017 prime?
False
Is 116353 a prime number?
False
Is 590635 prime?
False
Is 1087 a composite number?
False
Is 14053613 composite?
True
Is 32467 prime?
True
Is 371779 composite?
False
Is 319474 a composite number?
True
Is 7477 composite?
False
Is 275483 a composite number?
True
Is 4359 composite?
True
Is 8899 prime?
False
Is 5633 prime?
False
Is 10405 a composite number?
True
Is 266153 a prime number?
True
Is 17167 a prime number?
True
Is 237727 composite?
True
Is 35011 composite?
True
Is 166 prime?
False
Is 528263 a composite number?
False
Is 1280921 a prime number?
True
Is 11157 a prime number?
False
Is 442583 a composite number?
True
Is 367 a prime number?
True
Is 1151 a composite number?
False
Is 683087 a prime number?
True
Is 99607 composite?
False
Is 9923 composite?
False
Is 156787 composite?
True
Is 5345 a composite number?
True
Is 192443 composite?
True
Is 